 -46. Calculate the highest common divisor of j and o.
9
Let a(f) = f**3 + 10*f**2 - 2*f - 2. Let i be a(-10). Let j be 184/i - (-8)/(-36). Calculate the greatest common factor of j and 100.
10
Suppose 4*q - 152 = 52. What is the highest common factor of q and 3?
3
Let o = 80 - 56. Calculate the greatest common factor of 216 and o.
24
Let k(m) = -3*m**3 - 10*m**2 - 5*m - 4. Let p be k(-4). What is the highest common factor of 24 and p?
24
Let h be 6/(-8) - 763/(-4). Suppose b - 3*b = 2*m - 76, -b + h = 5*m. Suppose -4*l + m = -102. What is the greatest common divisor of 7 and l?
7
Let b = -30 + 50. What is the highest common factor of b and 4?
4
Let y = -16 + 26. Let x = -36 + 66. Calculate the highest common divisor of y and x.
10
Let q = 109 + -24. Suppose 10 - q = -5*v. What is the greatest common divisor of v and 165?
15
Let u be (-4)/(-18) - 55/45. Let h = u + 3. Suppose 5*k - 145 = -3*y, y + 51 = h*y - k. Calculate the greatest common divisor of y and 20.
10
Suppose -7*r = -3*r - 320. Calculate the greatest common divisor of r and 10.
10
Let m be (1 + 8)/3 + (1 - -60). What is the greatest common divisor of m and 8?
8
Let y(z) = -9*z**3 - z**2 - 5*z - 19. Let i be y(-4). What is the highest common factor of i and 51?
51
Suppose 3*s + 2 = 8. Suppose -z = 0, -5 + 3 = -s*o - z. Let l(n) = 11*n**3. Let v be l(o). What is the highest common factor of v and 33?
11
Let z be 18/42 + 1618/14. What is the greatest common divisor of 29 and z?
29
Let y be (2 - -1) + (4 - 0). Suppose 4*w = 126 + 126. What is the greatest common divisor of y and w?
7
Suppose -15*z + z = -238. What is the greatest common divisor of 187 and z?
17
Let p be (2 - -2)*(6 - 5). Let n be 8 - -2*(-6)/p. Suppose f - n*f = -384. What is the highest common divisor of f and 12?
12
Let h be (-862)/(-8) + (-8)/(-32). Calculate the greatest common factor of h and 27.
27
Let f be -3*3*4/(-18). Suppose 0 = -0*h + f*h - 30. What is the greatest common divisor of 5 and h?
5
Let i(c) = -c**3 - 19*c**2 - 23*c + 35. Let z be i(-18). Calculate the highest common divisor of z and 50.
25
Suppose 4*d - z = 106, z + 2 = 2*z. Let r = -19 + d. Suppose -n + 74 = -14. What is the highest common divisor of r and n?
8
Let q = 45 + -74. Let l = q + 43. What is the highest common factor of l and 35?
7
Let i = 5 + 15. Let z = 268 + -168. What is the highest common divisor of z and i?
20
Suppose -g = r + 4, 0*g + 12 = 5*r - 3*g. Let k be 52 + r + -3 + 3. Calculate the highest common factor of 26 and k.
26
Let n(a) = -a**3 - 9*a**2 - 4*a - 8. Let w be n(-9). Let m be (2/6)/(2/24). Calculate the highest common divisor of m and w.
4
Let a(n) = n**2 - 25*n - 39. Let d be a(28). Calculate the highest common factor of 10 and d.
5
Let p be (3 - 2)/(1 - 0). Let x be (-48)/p*(-3)/3. Suppose -2*k = -16 - 8. Calculate the highest common divisor of x and k.
12
Suppose k - 6*k - 25 = 0. Let y be 2/k*(1 + -26). Suppose -5*x + x + 440 = 0. Calculate the greatest common factor of x and y.
10
Suppose -3*z - 2*z - 10 = 0. Let j be ((-128)/(-20))/(z/(-5)). Let i(v) = 64*v. Let p be i(1). Calculate the highest common factor of j and p.
16
Let p be ((-36)/(-10))/((-9)/(-30)). Suppose 0 = 4*i + 3 + 9. Let x be (i/(-6))/(1/48). What is the greatest common divisor of x and p?
12
Let i(g) = 15*g + 13. Let a be i(11). Suppose -5*s - 48 + a = 0. Suppose 3*y - 55 = 4*t, 3*t - 13 = -3*y + 14. Calculate the highest common factor of y and s.
13
Let u = 34 + -24. Let x(j) = -j**3 - 5*j**2 + 3*j + 12. Let h be x(-6). What is the greatest common divisor of u and h?
10
Let y be 12/(-2*(-4 + 3)). Let p(b) = 4*b - 8. Let r be p(y). What is the greatest common divisor of 2 and r?
2
Let m(h) = -h**3 - 11*h**2 - 3*h - 15. Let x be m(-11). Calculate the highest common factor of x and 45.
9
Suppose -2*x + 9 = x. What is the greatest common divisor of 21 and x?
3
Suppose 0 = -6*l + 16 + 86. What is the highest common factor of l and 136?
17
Suppose -37 = -4*m + 15. Suppose m = -n + 2*n. What is the greatest common factor of n and 52?
13
Let w be 1 + -11*(-3 + 2). What is the highest common factor of 96 and w?
12
Let o be ((-17)/85)/(1/(-3))*125. What is the highest common factor of 15 and o?
15
Let y be 6*((-63)/6)/(-7). What is the greatest common divisor of y and 72?
9
Let k = -64 - -163. Calculate the highest common divisor of k and 9.
9
Let j be -1 + 10/2 + 1. Suppose 4*f = 2*v + 44, 2*f + 0*f - 14 = j*v. What is the greatest common factor of 4 and f?
4
Suppose -21*h + 22*h - 15 = 0. What is the greatest common factor of h and 3?
3
Let w = 7 - 3. Suppose -w*j - 723 = 21. Let q = j - -270. Calculate the highest common factor of 12 and q.
12
Let t be 2496/10 - 32/(-80). Suppose -4*b + 161 = 61. What is the highest common divisor of b and t?
25
Suppose 6*q = 3*q. Let c = q - -6. What is the greatest common divisor of 6 and c?
6
Let x = 3 - -6. Calculate the greatest common factor of 72 and x.
9
Suppose -3*z + 1 = -a + 34, 0 = -5*a + 3*z + 213. Calculate the greatest common divisor of 18 and a.
9
Let b = 4 + 2. What is the highest common factor of 30 and b?
6
Suppose 5*v - 170 - 9 = -h, 4*h = -4. Suppose -3*u = -5*u + v. What is the greatest common factor of u and 27?
9
Suppose 5*k = -3*i + 39, 3*k = i - 5*i + 19. What is the highest common factor of k and 45?
9
Suppose k + 2*k = 33. Suppose 3*y + t = 112, 3*y - 2*t = k + 89. Let g = 170 + -164. Calculate the highest common factor of y and g.
6
Let q(r) = -7*r - 21. Suppose 0 = -4*y - 14 - 10. Let a be q(y). Let d = 6 + -3. Calculate the greatest common divisor of a and d.
3
Let b be (27 - -3)*3/9. Suppose 3*n = 4*m - 163, -4*m - 6*n + 2*n = -156. Suppose 0*r = 2*r - m. What is the highest common factor of b and r?
10
Let i be 11/(-55) + (-122)/(-10). Suppose -13 = -b + 5*f, -i = -2*b - 4*f - 0. Let t be -112*((-3)/2)/3. Calculate the greatest common factor of b and t.
8
Let u(o) = 3*o - 3 + 0 - 2 + 1. Suppose 22 = 2*w - 4*r, r = 5*w + 3*r - 31. Let m be u(w). What is the highest common divisor of 51 and m?
17
Suppose -4 + 17 = d. What is the greatest common factor of 13 and d?
13
Let f(u) = 10*u**2 + 1. Let q be f(1). Calculate the greatest common factor of 99 and q.
11
Let m = -63 + 90. Calculate the greatest common factor of 9 and m.
9
Let p be 1/(1 + (-124)/126). Let m be 6*1*(-3)/(-2). What is the greatest common divisor of m and p?
9
Suppose 0 = 5*h - 0*h - 990. Calculate the highest common factor of 18 and h.
18
Suppose 4*i = 108 + 20. Let w = -55 - -135. What is the highest common factor of i and w?
16
Let g(w) = -w**2 - 8*w - 1. Let j be g(-6). What is the highest common factor of 88 and j?
11
Suppose 0 = -3*u - 4*x - 0*x + 10, 2*u - 3*x = 35. Calculate the greatest common divisor of u and 80.
10
Let r be (30/8)/(3/36). Let d = r - -51. Calculate the greatest common divisor of d and 12.
12
Suppose 0*p + 5*p = 320. Let k = -7 + 10. Let b be ((-8)/k)/((-5)/15). Calculate the highest common divisor of p and b.
8
Suppose 5 = 2*c - 3. Suppose -a - 2 = 0, 3*p + 2*p - 5*a - 70 = 0. Let r be (6*p/9)/1. What is the greatest common divisor of r and c?
4
Suppose -x + 5*b = -20, -4*b + 10 = -2*b. What is the highest common divisor of 5 and x?
5
Let h = 3 + -5. Let q be (105/14)/((-1)/h). What is the greatest common factor of 30 and q?
15
Let p(v) = 2*v - 9. Let t be p(6). Suppose 3*n = 4*n + 2*m - 6, 5*n = -5*m + 20. Suppose -3*d - n*d + 10 = 0. What is the highest common factor of d and t?
1
Let l = -106 - -151. What is the greatest common divisor of l and 27?
9
Let p(t) = -t**2 + 14*t - 6. Let m be p(13). Let o be ((-4)/3)/((-8)/12). Let j = -1 + o. Calculate the highest common divisor of m and j.
1
Suppose -f = t - 5*t - 26, 3*f + 4*t = -2. Let s(p) = 10*p**2 - p. Let h be s(-2). What is the greatest common factor of f and h?
6
Suppose 4*n = -3*j + 53, -3*j + 2*j - 4*n = -31. Let s be (11/2)/((-2)/(-4)). What is the highest common divisor of s and j?
11
Suppose -5*j + 206 - 66 = n, 5*j = 2*n - 280. Let t = 97 - 138. Let w = 61 + t. Calculate the greatest common factor of n and w.
20
Let j be 1 + 79/3 + (-6)/18. Calculate the highest common factor of 3 and j.
3
Let k(f) = -6*f**2 - 4*f + 5. Let m be k(-4). Let y be (204/15)/((-6)/m). What is the highest common divisor of y and 17?
17
Let r(i) 